{"id":4484,"date":"2022-11-08T08:19:32","date_gmt":"2022-11-08T08:19:32","guid":{"rendered":"https:\/\/www.prawo-krakow.pl\/blog\/?page_id=4484"},"modified":"2026-01-23T08:40:20","modified_gmt":"2026-01-23T08:40:20","slug":"podzial-majatku-krakow","status":"publish","type":"page","link":"https:\/\/www.prawo-krakow.pl\/blog\/podzial-majatku-krakow\/","title":{"rendered":"Podzia\u0142 maj\u0105tku Krak\u00f3w"},"content":{"rendered":"\n<p><strong>Podzia\u0142 maj\u0105tku (Krak\u00f3w)<\/strong> to sytuacja, kt\u00f3ra ma miejsce najcz\u0119\u015bciej w momencie, kiedy ma\u0142\u017conkowie decyduj\u0105 si\u0119 na rozw\u00f3d. W\u00f3wczas zachodzi konieczno\u015b\u0107 podzia\u0142u dotychczas zgromadzonego maj\u0105tku wsp\u00f3lnego. Jak przebiega taki proces i na jakie dokumenty nale\u017cy z\u0142o\u017cy\u0107 przed s\u0105dem? Nasza kancelaria \u015bwiadczy szeroki zakres us\u0142ug, r\u00f3wnie\u017c te dotycz\u0105ce podzia\u0142u maj\u0105tku. Krak\u00f3w i wojew\u00f3dztwo ma\u0142opolskie to miejsce naszego dzia\u0142ania, gdzie ka\u017cdego dnia pomagamy naszym klientom osi\u0105gn\u0105\u0107 najbardziej satysfakcjonuj\u0105ce rozstrzygni\u0119cia.<\/p>\n\n\n\n<h2 class=\"wp-block-heading\"><strong>Podzia\u0142 maj\u0105tku Krak\u00f3w<\/strong> \u2013 Kancelaria Prawna<\/h2>\n\n\n\n<p>Formalne zako\u0144czenie ma\u0142\u017ce\u0144stwa, tj. rozw\u00f3d nie zawsze oznacza rozwi\u0105zanie wszystkich relacji mi\u0119dzy dwiema stronami. Cz\u0119sto problemem staje si\u0119 wsp\u00f3lny maj\u0105tek, taki jak dom, mieszkanie, dzia\u0142ka, samoch\u00f3d czy inne kosztowno\u015bci. Zgodnie z art. 30 Kodeksu rodzinnego i opieku\u0144czego s\u0105d w trakcie post\u0119powania rozwodowego mo\u017ce dokona\u0107 podzia\u0142u maj\u0105tku, je\u017celi nie b\u0119dzie to zbytnio przed\u0142u\u017ca\u0142o ca\u0142ego procesu. Zwyczajowo jednak kwesti\u0119 t\u0105 rozwi\u0105zuj\u0119 si\u0119 na osobnej rozprawie. W jaki spos\u00f3b to zrobi\u0107, aby uzyska\u0107 dla siebie jak najlepsze rezultaty. Niew\u0105tpliwie w przypadku podzia\u0142u maj\u0105tku (Krak\u00f3w) warto skorzysta\u0107 z pomocy do\u015bwiadczonego prawnika, kt\u00f3ry doskonale zna wszelkie przepisy prawa oraz posiada du\u017ce do\u015bwiadczenie w kwestii spraw z zakresu podzia\u0142u maj\u0105tku. Wsparcie specjalisty mo\u017ce okaza\u0107 si\u0119 nieocenion\u0105 pomoc\u0105.<\/p>\n\n\n\n<div class=\"wp-block-buttons is-content-justification-center is-layout-flex wp-container-core-buttons-is-layout-16018d1d wp-block-buttons-is-layout-flex\">\n<div class=\"wp-block-button\"><a class=\"wp-block-button__link has-base-3-color has-accent-background-color has-text-color has-background has-link-color wp-element-button\" href=\"tel:+48 514 089 599\">Skontaktuj si\u0119 z nami!<\/a><\/div>\n<\/div>\n\n\n\n<p><strong>Podzia\u0142 maj\u0105tku (Krak\u00f3w)<\/strong> polega przede wszystkim na wyj\u015bciu ze wsp\u00f3\u0142w\u0142asno\u015bci d\u00f3br, takich jak dom, mieszkanie, firma, a tak\u017ce rozwi\u0105zanie innych problem\u00f3w takich jak kredyty. Bardzo cz\u0119sto do podzia\u0142u maj\u0105tku dochodzi polubownie, za zgod\u0105 obu by\u0142ych ma\u0142\u017conk\u00f3w. W\u00f3wczas stosowna procedura oraz dokumentacja zostaje zawarta przed notariuszem. Je\u017celi by\u0142y ma\u0142\u017conkowie nie mog\u0105 porozumie\u0107 si\u0119 w kwestii podzia\u0142u wsp\u00f3lnych d\u00f3br, konieczna b\u0119dzie kolejna rozprawa s\u0105dowa. W obu przypadkach warto skorzysta\u0107 z pomocy do\u015bwiadczonego prawnika, kt\u00f3ry pomo\u017ce przygotowa\u0107 wszystkie dokumenty, a tak\u017ce b\u0119dzie reprezentowa\u0142 klienta na drodze post\u0119powania s\u0105dowego lub w negocjacjach wobec by\u0142ego ma\u0142\u017conka. Specjalista doradzi r\u00f3wnie\u017c, jaki jest najlepszy spos\u00f3b na podzia\u0142 d\u00f3br. Mo\u017ce on zachodzi\u0107 bowiem na kilka sposob\u00f3w \u2013 podzia\u0142 takich d\u00f3br jak nieruchomo\u015bci mi\u0119dzy m\u0119\u017ca i \u017con\u0119, przepisanie w\u0142asno\u015bci tylko na jednego ma\u0142\u017conka z konieczno\u015bci\u0105 sp\u0142aty po\u0142owy warto\u015bci oraz sprzeda\u017c wsp\u00f3lnego maj\u0105tku.<\/p>\n\n\n\n<h2 class=\"wp-block-heading\"><strong>Podzia\u0142 maj\u0105tku (Krak\u00f3w)<\/strong> \u2013 do\u015bwiadczony prawnik<\/h2>\n\n\n\n<p>Pomoc do\u015bwiadczonego adwokata lub radcy prawnego to ogromne wsparcie podczas wszystkich etap\u00f3w rozwodu oraz podzia\u0142u maj\u0105tku. Krak\u00f3w to miasto, w kt\u00f3rym \u015bwiadczymy us\u0142ugi naszej kancelarii. Doskonale wiemy, \u017ce sprawy zwi\u0105zane z zako\u0144czeniem po\u017cycia ma\u0142\u017ce\u0144stwa mog\u0105 wywo\u0142ywa\u0107 wiele emocji oraz stresu. W\u0142a\u015bnie dlatego warto odda\u0107 formalno\u015bci w r\u0119ce do\u015bwiadczonych os\u00f3b. Zapraszamy do wsp\u00f3\u0142pracy wszystkich zainteresowanych. Szczeg\u00f3\u0142owo wyja\u015bniamy naszym klientom wszystkie podejmowane dzia\u0142ania, a tak\u017ce wypracowujemy rozwi\u0105zanie, kt\u00f3re oka\u017ce si\u0119 najbardziej korzystne. S\u0142uchamy naszych klient\u00f3w i staramy si\u0119 dopasowa\u0107 nasze us\u0142ugi do ich indywidualnych potrzeb. Przy odpowiednim przygotowaniu <strong>podzia\u0142 maj\u0105tku (Krak\u00f3w)<\/strong> mo\u017ce zosta\u0107 przeprowadzony szybko oraz skutecznie.<\/p>\n\n\n\n<p>Podzia\u0142 maj\u0105tku (Krak\u00f3w) okazuje si\u0119 cz\u0119sto konieczny po rozwodzie. Najcz\u0119\u015bciej podzia\u0142 maj\u0105tku jest ustalany polubownie przez ma\u0142\u017conk\u00f3w, jednak w razie konfliktu \u2013 orzeka o nim s\u0105d. Zgodnie z zasad\u0105, obie strony powinny otrzyma\u0107 r\u00f3wn\u0105 cz\u0119\u015b\u0107 maj\u0105tku wsp\u00f3lnego, jednak czasami tak nie jest. Wi\u0105\u017ce si\u0119 to na przyk\u0142ad ze znacznymi r\u00f3\u017cnicami w zarobkach lub d\u0142ugotrwa\u0142\u0105 separacj\u0105 faktyczn\u0105. W tych przypadkach s\u0105d bierze pod uwag\u0119 takie fakty jak zaanga\u017cowanie w utrzymanie domostwa czy wychowanie dzieci. Warto wiedzie\u0107, \u017ce wy\u0142\u0105cznie maj\u0105tek wsp\u00f3lny zostanie podzielony. \u00d3w podzia\u0142 wi\u0119c nie b\u0119dzie dotyczy\u0142 osobistych nagr\u00f3d, prezent\u00f3w.&nbsp;<strong>Zajmujemy si\u0119 zar\u00f3wno rozwodami za porozumieniem stron, rozwodami bez orzekania o winie i rozwodami z orzekaniem o winie.&nbsp;<\/strong>Prowadzimy tak\u017ce sprawy o separacj\u0119 w tych samych przypadkach, co rozw\u00f3d. Podzia\u0142 maj\u0105tku (Krak\u00f3w) co do zasady nie obejmuje tak\u017ce d\u00f3br, kt\u00f3re posiada\u0142o si\u0119 jeszcze przed zawarciem zwi\u0105zku ma\u0142\u017ce\u0144skiego.<br><\/p>\n\n\n\n<h2 class=\"wp-block-heading\"><strong>Podzia\u0142 maj\u0105tku w Krakowie<\/strong><\/h2>\n\n\n\n<p>W przypadku orzeczenia winy po stronie ma\u0142\u017conka na <strong>podzia\u0142 maj\u0105tku (Krak\u00f3w)<\/strong> nie wp\u0142ywaj\u0105 takie czynniki jak kwestia dzieci czy wina jednej ze stron. Ten proces mo\u017ce zosta\u0107 dokonany na dwa r\u00f3\u017cne sposoby. Pierwszy z nich, umowa polubowna, polega na zawarciu umowy pomi\u0119dzy ma\u0142\u017conkami o podzia\u0142 wsp\u00f3lnego maj\u0105tku. Z kolei droga s\u0105dowa wi\u0105\u017ce si\u0119 z wydaniem przez ten organ postanowienia w sprawie o podzia\u0142 wsp\u00f3lnego maj\u0105tku. Jest og\u0142aszane po przeprowadzeniu post\u0119powania na wniosek jednego z ma\u0142\u017conk\u00f3w. Nasi prawnicy pomog\u0105 wybra\u0107 najkorzystniejsze rozwi\u0105zanie, aby zaoszcz\u0119dzi\u0107 klientowi stresu oraz czasu. W przypadku dalszych pyta\u0144 co do podzia\u0142u maj\u0105tku <strong><a href=\"https:\/\/www.prawo-krakow.pl\/blog\/kontakt\/\">zapraszamy do kontaktu<\/a><\/strong>.<\/p>\n\n\n\n<h2 class=\"wp-block-heading\">Podzia\u0142 maj\u0105tku Krak\u00f3w \u2013 kiedy dochodzi do podzia\u0142u?<\/h2>\n\n\n\n<p>Mimo i\u017c podzia\u0142 maj\u0105tku najcz\u0119\u015bciej nast\u0119puje po rozwodzie, separacji albo ustaniu wsp\u00f3lno\u015bci maj\u0105tkowej ma\u0142\u017ce\u0144skiej, to w praktyce jest to proces, kt\u00f3ry wymaga dok\u0142adnej analizy sk\u0142adnik\u00f3w maj\u0105tku oraz ustalenia udzia\u0142\u00f3w stron. To kwestia, obejmuj\u0105ca zar\u00f3wno sprawy proste, jak i skomplikowane, w jakich pojawiaj\u0105 si\u0119 spory co do warto\u015bci b\u0105d\u017a przynale\u017cno\u015bci poszczeg\u00f3lnych sk\u0142adnik\u00f3w.<\/p>\n\n\n\n<details class=\"wp-block-details is-layout-flow wp-block-details-is-layout-flow\"><summary>Czytaj wi\u0119cej<\/summary>\n<h2 class=\"wp-block-heading\">Podzia\u0142 maj\u0105tku, Krak\u00f3w \u2013 co wchodzi w sk\u0142ad maj\u0105tku wsp\u00f3lnego?<\/h2>\n\n\n\n<p>Do maj\u0105tku wsp\u00f3lnego mog\u0105 nale\u017ce\u0107 mi\u0119dzy innymi \u015brodki finansowe, nieruchomo\u015bci, ruchomo\u015bci, udzia\u0142y w sp\u00f3\u0142kach czy oszcz\u0119dno\u015bci zgromadzone w trakcie trwania ma\u0142\u017ce\u0144stwa. Istotne jest te\u017c ustalenie, kt\u00f3re sk\u0142adniki stanowi\u0105 maj\u0105tek osobisty jednego z ma\u0142\u017conk\u00f3w, co cz\u0119sto bywa przedmiotem sporu.<\/p>\n\n\n\n<h2 class=\"wp-block-heading\"><a><\/a>Dlaczego pomoc prawnika jest tak wa\u017cna?<\/h2>\n\n\n\n<p>Podzia\u0142 maj\u0105tku wi\u0105\u017ce si\u0119 z istotnymi konsekwencjami finansowymi na przysz\u0142o\u015b\u0107. Profesjonalna pomoc prawna pozwala zabezpieczy\u0107 interesy naszego klienta, unikn\u0105\u0107 niekorzystnych rozstrzygni\u0119\u0107 czy b\u0142\u0119d\u00f3w oraz sprawnie przej\u015b\u0107 przez ca\u0142y proces.<\/p>\n\n\n\n<p>Nasze do\u015bwiadczenie i indywidualne podej\u015bcie zwi\u0119kszaj\u0105 szanse na sprawiedliwy oraz korzystny podzia\u0142 maj\u0105tku. Zadbamy o najdrobniejsze detale, odci\u0105\u017caj\u0105c us\u0142ugobiorc\u0119 z nadmiaru obowi\u0105zk\u00f3w i zapewniaj\u0105c rzetelne wsparcie na ka\u017cdym etapie wsp\u00f3\u0142pracy.<\/p>\n\n\n\n<h2 class=\"wp-block-heading\"><a><\/a>Podzia\u0142 maj\u0105tku w Krakowie \u2013 znaczenie termin\u00f3w i przygotowania do sprawy<\/h2>\n\n\n\n<p>Cho\u0107 polskie prawo nie wyznacza sztywnego terminu (np. roku czy dw\u00f3ch lad od rozwodu) dokonania podzia\u0142u, zbyt d\u0142ugie odk\u0142adanie sprawy mo\u017ce utrudni\u0107 jej przeprowadzenie.<\/p>\n\n\n\n<p>Zgromadzenie dokument\u00f3w, wycena sk\u0142adnik\u00f3w maj\u0105tku oraz przemy\u015blana strategia dzia\u0142ania maj\u0105 kluczowe znaczenie dla ko\u0144cowego rozstrzygni\u0119cia. Dobrze przygotowany podzia\u0142 majatku pozwala unik\u0105\u0107 dodatkowych koszt\u00f3w, stresu czy wieloletnich spor\u00f3w s\u0105dowych.<\/p>\n\n\n\n<p>Doskonale wiemy, jak trudny jest to czas dla naszego klienta, dlatego dok\u0142adamy wszelkich stara\u0144, aby wszystkie czynno\u015bci, na kt\u00f3re mamy wp\u0142yw, odby\u0142y si\u0119 w mo\u017cliwie, jak najkr\u00f3tszym czasie.<\/p>\n<\/details>\n\n\n\n<figure class=\"gb-block-image gb-block-image-aaaa1b98\"><img fetchpriority=\"high\" decoding=\"async\" width=\"2560\" height=\"1709\" class=\"gb-image gb-image-aaaa1b98\" src=\"https:\/\/www.prawo-krakow.pl\/blog\/wp-content\/uploads\/2022\/11\/pexels-cqfavocat-613508-scaled.jpg\" alt=\"\" title=\"pexels-cqfavocat-613508\" srcset=\"https:\/\/www.prawo-krakow.pl\/blog\/wp-content\/uploads\/2022\/11\/pexels-cqfavocat-613508-scaled.jpg 2560w, https:\/\/www.prawo-krakow.pl\/blog\/wp-content\/uploads\/2022\/11\/pexels-cqfavocat-613508-300x200.jpg 300w, https:\/\/www.prawo-krakow.pl\/blog\/wp-content\/uploads\/2022\/11\/pexels-cqfavocat-613508-1024x684.jpg 1024w, https:\/\/www.prawo-krakow.pl\/blog\/wp-content\/uploads\/2022\/11\/pexels-cqfavocat-613508-768x513.jpg 768w, https:\/\/www.prawo-krakow.pl\/blog\/wp-content\/uploads\/2022\/11\/pexels-cqfavocat-613508-1536x1025.jpg 1536w, https:\/\/www.prawo-krakow.pl\/blog\/wp-content\/uploads\/2022\/11\/pexels-cqfavocat-613508-2048x1367.jpg 2048w\" sizes=\"(max-width: 2560px) 100vw, 2560px\" \/>\n<figcaption class=\"gb-headline gb-headline-2bfba32c gb-headline-text\"><\/figcaption>\n<\/figure>\n","protected":false},"excerpt":{"rendered":"<p>Podzia\u0142 maj\u0105tku (Krak\u00f3w) to sytuacja, kt\u00f3ra ma miejsce najcz\u0119\u015bciej w momencie, kiedy ma\u0142\u017conkowie decyduj\u0105 si\u0119 na rozw\u00f3d. W\u00f3wczas zachodzi konieczno\u015b\u0107 podzia\u0142u dotychczas zgromadzonego maj\u0105tku wsp\u00f3lnego. &#8230; <\/p>\n<p class=\"read-more-container\"><a title=\"Podzia\u0142 maj\u0105tku Krak\u00f3w\" class=\"read-more button\" href=\"https:\/\/www.prawo-krakow.pl\/blog\/podzial-majatku-krakow\/#more-4484\" aria-label=\"More on Podzia\u0142 maj\u0105tku Krak\u00f3w\">Czytaj dalej<\/a><\/p>\n","protected":false},"author":3,"featured_media":0,"parent":0,"menu_order":0,"comment_status":"closed","ping_status":"closed","template":"","meta":{"footnotes":""},"class_list":["post-4484","page","type-page","status-publish"],"yoast_head":"<!-- This site is optimized with the Yoast SEO plugin v27.3 - https:\/\/yoast.com\/product\/yoast-seo-wordpress\/ -->\n<title>Podzia\u0142 Maj\u0105tku Krak\u00f3w | prawo-krakow.pl<\/title>\n<meta name=\"description\" content=\"Podzia\u0142 maj\u0105tku Krak\u00f3w. Podzia\u0142 maj\u0105tku po rozwodzie, porady prawne, reprezentacja w s\u0105dzie. Podzia\u0142 maj\u0105tku w trakcie ma\u0142\u017ce\u0144stwa.\" \/>\n<meta name=\"robots\" content=\"index, follow, max-snippet:-1, max-image-preview:large, max-video-preview:-1\" \/>\n<link rel=\"canonical\" href=\"https:\/\/www.prawo-krakow.pl\/blog\/podzial-majatku-krakow\/\" \/>\n<meta property=\"og:locale\" content=\"pl_PL\" \/>\n<meta property=\"og:type\" content=\"article\" \/>\n<meta property=\"og:title\" content=\"Podzia\u0142 Maj\u0105tku Krak\u00f3w | prawo-krakow.pl\" \/>\n<meta property=\"og:description\" content=\"Podzia\u0142 maj\u0105tku Krak\u00f3w. Podzia\u0142 maj\u0105tku po rozwodzie, porady prawne, reprezentacja w s\u0105dzie. Podzia\u0142 maj\u0105tku w trakcie ma\u0142\u017ce\u0144stwa.\" \/>\n<meta property=\"og:url\" content=\"https:\/\/www.prawo-krakow.pl\/blog\/podzial-majatku-krakow\/\" \/>\n<meta property=\"og:site_name\" content=\"Prawnicza Kancelaria\" \/>\n<meta property=\"article:publisher\" content=\"https:\/\/www.facebook.com\/prawnikradca\" \/>\n<meta property=\"article:modified_time\" content=\"2026-01-23T08:40:20+00:00\" \/>\n<meta property=\"og:image\" content=\"https:\/\/www.prawo-krakow.pl\/blog\/wp-content\/uploads\/2022\/11\/pexels-cqfavocat-613508-scaled.jpg\" \/>\n<meta name=\"twitter:card\" content=\"summary_large_image\" \/>\n<meta name=\"twitter:label1\" content=\"Szacowany czas czytania\" \/>\n\t<meta name=\"twitter:data1\" content=\"6 minut\" \/>\n<script type=\"application\/ld+json\" class=\"yoast-schema-graph\">{\"@context\":\"https:\\\/\\\/schema.org\",\"@graph\":[{\"@type\":\"WebPage\",\"@id\":\"https:\\\/\\\/www.prawo-krakow.pl\\\/blog\\\/podzial-majatku-krakow\\\/\",\"url\":\"https:\\\/\\\/www.prawo-krakow.pl\\\/blog\\\/podzial-majatku-krakow\\\/\",\"name\":\"Podzia\u0142 Maj\u0105tku Krak\u00f3w | prawo-krakow.pl\",\"isPartOf\":{\"@id\":\"https:\\\/\\\/www.prawo-krakow.pl\\\/blog\\\/#website\"},\"primaryImageOfPage\":{\"@id\":\"https:\\\/\\\/www.prawo-krakow.pl\\\/blog\\\/podzial-majatku-krakow\\\/#primaryimage\"},\"image\":{\"@id\":\"https:\\\/\\\/www.prawo-krakow.pl\\\/blog\\\/podzial-majatku-krakow\\\/#primaryimage\"},\"thumbnailUrl\":\"https:\\\/\\\/www.prawo-krakow.pl\\\/blog\\\/wp-content\\\/uploads\\\/2022\\\/11\\\/pexels-cqfavocat-613508-scaled.jpg\",\"datePublished\":\"2022-11-08T08:19:32+00:00\",\"dateModified\":\"2026-01-23T08:40:20+00:00\",\"description\":\"Podzia\u0142 maj\u0105tku Krak\u00f3w. Podzia\u0142 maj\u0105tku po rozwodzie, porady prawne, reprezentacja w s\u0105dzie. Podzia\u0142 maj\u0105tku w trakcie ma\u0142\u017ce\u0144stwa.\",\"breadcrumb\":{\"@id\":\"https:\\\/\\\/www.prawo-krakow.pl\\\/blog\\\/podzial-majatku-krakow\\\/#breadcrumb\"},\"inLanguage\":\"pl-PL\",\"potentialAction\":[{\"@type\":\"ReadAction\",\"target\":[\"https:\\\/\\\/www.prawo-krakow.pl\\\/blog\\\/podzial-majatku-krakow\\\/\"]}]},{\"@type\":\"ImageObject\",\"inLanguage\":\"pl-PL\",\"@id\":\"https:\\\/\\\/www.prawo-krakow.pl\\\/blog\\\/podzial-majatku-krakow\\\/#primaryimage\",\"url\":\"https:\\\/\\\/www.prawo-krakow.pl\\\/blog\\\/wp-content\\\/uploads\\\/2022\\\/11\\\/pexels-cqfavocat-613508-scaled.jpg\",\"contentUrl\":\"https:\\\/\\\/www.prawo-krakow.pl\\\/blog\\\/wp-content\\\/uploads\\\/2022\\\/11\\\/pexels-cqfavocat-613508-scaled.jpg\",\"width\":2560,\"height\":1709},{\"@type\":\"BreadcrumbList\",\"@id\":\"https:\\\/\\\/www.prawo-krakow.pl\\\/blog\\\/podzial-majatku-krakow\\\/#breadcrumb\",\"itemListElement\":[{\"@type\":\"ListItem\",\"position\":1,\"name\":\"Strona g\u0142\u00f3wna\",\"item\":\"https:\\\/\\\/www.prawo-krakow.pl\\\/blog\\\/\"},{\"@type\":\"ListItem\",\"position\":2,\"name\":\"Podzia\u0142 maj\u0105tku Krak\u00f3w\"}]},{\"@type\":\"WebSite\",\"@id\":\"https:\\\/\\\/www.prawo-krakow.pl\\\/blog\\\/#website\",\"url\":\"https:\\\/\\\/www.prawo-krakow.pl\\\/blog\\\/\",\"name\":\"Prawnicza Kancelaria\",\"description\":\"Do\u015bwiadczony Prawnik\",\"publisher\":{\"@id\":\"https:\\\/\\\/www.prawo-krakow.pl\\\/blog\\\/#organization\"},\"potentialAction\":[{\"@type\":\"SearchAction\",\"target\":{\"@type\":\"EntryPoint\",\"urlTemplate\":\"https:\\\/\\\/www.prawo-krakow.pl\\\/blog\\\/?s={search_term_string}\"},\"query-input\":{\"@type\":\"PropertyValueSpecification\",\"valueRequired\":true,\"valueName\":\"search_term_string\"}}],\"inLanguage\":\"pl-PL\"},{\"@type\":\"Organization\",\"@id\":\"https:\\\/\\\/www.prawo-krakow.pl\\\/blog\\\/#organization\",\"name\":\"Kancelaria Prawna\",\"url\":\"https:\\\/\\\/www.prawo-krakow.pl\\\/blog\\\/\",\"logo\":{\"@type\":\"ImageObject\",\"inLanguage\":\"pl-PL\",\"@id\":\"https:\\\/\\\/www.prawo-krakow.pl\\\/blog\\\/#\\\/schema\\\/logo\\\/image\\\/\",\"url\":\"https:\\\/\\\/www.prawo-krakow.pl\\\/blog\\\/wp-content\\\/uploads\\\/2021\\\/04\\\/cropped-court-hammer-books-judgment-law-concept.jpg\",\"contentUrl\":\"https:\\\/\\\/www.prawo-krakow.pl\\\/blog\\\/wp-content\\\/uploads\\\/2021\\\/04\\\/cropped-court-hammer-books-judgment-law-concept.jpg\",\"width\":1000,\"height\":667,\"caption\":\"Kancelaria Prawna\"},\"image\":{\"@id\":\"https:\\\/\\\/www.prawo-krakow.pl\\\/blog\\\/#\\\/schema\\\/logo\\\/image\\\/\"},\"sameAs\":[\"https:\\\/\\\/www.facebook.com\\\/prawnikradca\"]}]}<\/script>\n<!-- \/ Yoast SEO plugin. -->","yoast_head_json":{"title":"Podzia\u0142 Maj\u0105tku Krak\u00f3w | prawo-krakow.pl","description":"Podzia\u0142 maj\u0105tku Krak\u00f3w. Podzia\u0142 maj\u0105tku po rozwodzie, porady prawne, reprezentacja w s\u0105dzie. Podzia\u0142 maj\u0105tku w trakcie ma\u0142\u017ce\u0144stwa.","robots":{"index":"index","follow":"follow","max-snippet":"max-snippet:-1","max-image-preview":"max-image-preview:large","max-video-preview":"max-video-preview:-1"},"canonical":"https:\/\/www.prawo-krakow.pl\/blog\/podzial-majatku-krakow\/","og_locale":"pl_PL","og_type":"article","og_title":"Podzia\u0142 Maj\u0105tku Krak\u00f3w | prawo-krakow.pl","og_description":"Podzia\u0142 maj\u0105tku Krak\u00f3w. Podzia\u0142 maj\u0105tku po rozwodzie, porady prawne, reprezentacja w s\u0105dzie. Podzia\u0142 maj\u0105tku w trakcie ma\u0142\u017ce\u0144stwa.","og_url":"https:\/\/www.prawo-krakow.pl\/blog\/podzial-majatku-krakow\/","og_site_name":"Prawnicza Kancelaria","article_publisher":"https:\/\/www.facebook.com\/prawnikradca","article_modified_time":"2026-01-23T08:40:20+00:00","og_image":[{"url":"https:\/\/www.prawo-krakow.pl\/blog\/wp-content\/uploads\/2022\/11\/pexels-cqfavocat-613508-scaled.jpg","type":"","width":"","height":""}],"twitter_card":"summary_large_image","twitter_misc":{"Szacowany czas czytania":"6 minut"},"schema":{"@context":"https:\/\/schema.org","@graph":[{"@type":"WebPage","@id":"https:\/\/www.prawo-krakow.pl\/blog\/podzial-majatku-krakow\/","url":"https:\/\/www.prawo-krakow.pl\/blog\/podzial-majatku-krakow\/","name":"Podzia\u0142 Maj\u0105tku Krak\u00f3w | prawo-krakow.pl","isPartOf":{"@id":"https:\/\/www.prawo-krakow.pl\/blog\/#website"},"primaryImageOfPage":{"@id":"https:\/\/www.prawo-krakow.pl\/blog\/podzial-majatku-krakow\/#primaryimage"},"image":{"@id":"https:\/\/www.prawo-krakow.pl\/blog\/podzial-majatku-krakow\/#primaryimage"},"thumbnailUrl":"https:\/\/www.prawo-krakow.pl\/blog\/wp-content\/uploads\/2022\/11\/pexels-cqfavocat-613508-scaled.jpg","datePublished":"2022-11-08T08:19:32+00:00","dateModified":"2026-01-23T08:40:20+00:00","description":"Podzia\u0142 maj\u0105tku Krak\u00f3w. Podzia\u0142 maj\u0105tku po rozwodzie, porady prawne, reprezentacja w s\u0105dzie. Podzia\u0142 maj\u0105tku w trakcie ma\u0142\u017ce\u0144stwa.","breadcrumb":{"@id":"https:\/\/www.prawo-krakow.pl\/blog\/podzial-majatku-krakow\/#breadcrumb"},"inLanguage":"pl-PL","potentialAction":[{"@type":"ReadAction","target":["https:\/\/www.prawo-krakow.pl\/blog\/podzial-majatku-krakow\/"]}]},{"@type":"ImageObject","inLanguage":"pl-PL","@id":"https:\/\/www.prawo-krakow.pl\/blog\/podzial-majatku-krakow\/#primaryimage","url":"https:\/\/www.prawo-krakow.pl\/blog\/wp-content\/uploads\/2022\/11\/pexels-cqfavocat-613508-scaled.jpg","contentUrl":"https:\/\/www.prawo-krakow.pl\/blog\/wp-content\/uploads\/2022\/11\/pexels-cqfavocat-613508-scaled.jpg","width":2560,"height":1709},{"@type":"BreadcrumbList","@id":"https:\/\/www.prawo-krakow.pl\/blog\/podzial-majatku-krakow\/#breadcrumb","itemListElement":[{"@type":"ListItem","position":1,"name":"Strona g\u0142\u00f3wna","item":"https:\/\/www.prawo-krakow.pl\/blog\/"},{"@type":"ListItem","position":2,"name":"Podzia\u0142 maj\u0105tku Krak\u00f3w"}]},{"@type":"WebSite","@id":"https:\/\/www.prawo-krakow.pl\/blog\/#website","url":"https:\/\/www.prawo-krakow.pl\/blog\/","name":"Prawnicza Kancelaria","description":"Do\u015bwiadczony Prawnik","publisher":{"@id":"https:\/\/www.prawo-krakow.pl\/blog\/#organization"},"potentialAction":[{"@type":"SearchAction","target":{"@type":"EntryPoint","urlTemplate":"https:\/\/www.prawo-krakow.pl\/blog\/?s={search_term_string}"},"query-input":{"@type":"PropertyValueSpecification","valueRequired":true,"valueName":"search_term_string"}}],"inLanguage":"pl-PL"},{"@type":"Organization","@id":"https:\/\/www.prawo-krakow.pl\/blog\/#organization","name":"Kancelaria Prawna","url":"https:\/\/www.prawo-krakow.pl\/blog\/","logo":{"@type":"ImageObject","inLanguage":"pl-PL","@id":"https:\/\/www.prawo-krakow.pl\/blog\/#\/schema\/logo\/image\/","url":"https:\/\/www.prawo-krakow.pl\/blog\/wp-content\/uploads\/2021\/04\/cropped-court-hammer-books-judgment-law-concept.jpg","contentUrl":"https:\/\/www.prawo-krakow.pl\/blog\/wp-content\/uploads\/2021\/04\/cropped-court-hammer-books-judgment-law-concept.jpg","width":1000,"height":667,"caption":"Kancelaria Prawna"},"image":{"@id":"https:\/\/www.prawo-krakow.pl\/blog\/#\/schema\/logo\/image\/"},"sameAs":["https:\/\/www.facebook.com\/prawnikradca"]}]}},"_links":{"self":[{"href":"https:\/\/www.prawo-krakow.pl\/blog\/wp-json\/wp\/v2\/pages\/4484","targetHints":{"allow":["GET"]}}],"collection":[{"href":"https:\/\/www.prawo-krakow.pl\/blog\/wp-json\/wp\/v2\/pages"}],"about":[{"href":"https:\/\/www.prawo-krakow.pl\/blog\/wp-json\/wp\/v2\/types\/page"}],"author":[{"embeddable":true,"href":"https:\/\/www.prawo-krakow.pl\/blog\/wp-json\/wp\/v2\/users\/3"}],"replies":[{"embeddable":true,"href":"https:\/\/www.prawo-krakow.pl\/blog\/wp-json\/wp\/v2\/comments?post=4484"}],"version-history":[{"count":10,"href":"https:\/\/www.prawo-krakow.pl\/blog\/wp-json\/wp\/v2\/pages\/4484\/revisions"}],"predecessor-version":[{"id":4920,"href":"https:\/\/www.prawo-krakow.pl\/blog\/wp-json\/wp\/v2\/pages\/4484\/revisions\/4920"}],"wp:attachment":[{"href":"https:\/\/www.prawo-krakow.pl\/blog\/wp-json\/wp\/v2\/media?parent=4484"}],"curies":[{"name":"wp","href":"https:\/\/api.w.org\/{rel}","templated":true}]}}