{"id":3749,"date":"2021-05-09T15:35:24","date_gmt":"2021-05-09T15:35:24","guid":{"rendered":"https:\/\/www.prawo-krakow.pl\/blog\/?page_id=3749"},"modified":"2026-01-23T08:39:05","modified_gmt":"2026-01-23T08:39:05","slug":"nieruchomosci","status":"publish","type":"page","link":"https:\/\/www.prawo-krakow.pl\/blog\/nieruchomosci\/","title":{"rendered":"Prawo nieruchomo\u015bci Krak\u00f3w"},"content":{"rendered":"\n<p>Inwestycje budowlane cz\u0119sto wymagaj\u0105 dobrej obs\u0142ugi prawnej, dlatego warto skorzysta\u0107 z pomocy specjalist\u00f3w. Zapraszamy do naszej kancelarii, je\u017celi klient nie rozumie zagadnie\u0144 cz\u0119sto okre\u015blanych jako&nbsp;<strong>prawo nieruchomo\u015bci (Krak\u00f3w)<\/strong>. Obs\u0142ugujemy zar\u00f3wno&nbsp;<a href=\"https:\/\/www.prawo-krakow.pl\/blog\/specjalizacje\/obsluga-prawna-firm-i-spolek\/\">przedsi\u0119biorstwa<\/a>, jak i osoby fizyczne, zawsze maj\u0105c na celu dobro klienta.<br><br>Oferujemy&nbsp;<a href=\"https:\/\/www.prawo-krakow.pl\/blog\/\">doradztwo prawne<\/a>&nbsp;oraz pomoc prawn\u0105 w zakresie kupna lub sprzeda\u017cy nieruchomo\u015bci. Tego rodzaju sprawy wymagaj\u0105 badania stanu prawnego nieruchomo\u015bci, a tak\u017ce negocjowanie warunk\u00f3w jej nabycia lub zbycia. Prawo nieruchomo\u015bci (Krak\u00f3w) to tak\u017ce sporz\u0105dzanie um\u00f3w w tym zakresie. Napiszemy tak\u017ce umowy najmu lokalu mieszkalnego, umowy najmu lokalu u\u017cytkowego, dzier\u017cawy itd.<br><br><strong>Pomagamy klientom w przypadku spraw o zasiedzenie czy zniesienie wsp\u00f3\u0142w\u0142asno\u015bci nieruchomo\u015bci.&nbsp;<\/strong>Uzgadniamy stan prawny nieruchomo\u015bci znajduj\u0105cy si\u0119 w ksi\u0119gach wieczystych w kontek\u015bcie rzeczywistego stanu prawnego (np. mieszkanie m\u00f3g\u0142 naby\u0107 jeden z ma\u0142\u017conk\u00f3w, jednak brak rozdzielno\u015bci maj\u0105tkowej sprawia, i\u017c oboje s\u0105 wsp\u00f3\u0142w\u0142a\u015bcicielami). Je\u015bli chcia\u0142by\u015b dowiedzie\u0107 si\u0119 wi\u0119cej o zasiedzeniu, zapoznaj si\u0119 z naszym wpisem na blogu dotycz\u0105cym <strong><a href=\"https:\/\/www.prawo-krakow.pl\/blog\/zasiedzenie-nieruchomosci\/\">zasiedzenia<\/a><\/strong>.<br><br>Prawo nieruchomo\u015bci (Krak\u00f3w) obejmuje tak\u017ce doradztwo w zakresie inwestycji budowlanych i nieruchomo\u015bci. W trosce o komfort i bezpiecze\u0144stwo klienta, mo\u017cemy wykona\u0107 audyt prawny danej nieruchomo\u015bci, sporz\u0105dza\u0107 i opiniowa\u0107 umowy o roboty budowlane, umowy sprzeda\u017cy budynk\u00f3w b\u0105d\u017a samych lokali. Nasza kancelaria mo\u017ce tak\u017ce pom\u00f3c w zakresie uregulowania stanu prawnego nieruchomo\u015bci, uzyskania wynagrodzenia za bezumowne korzystanie z nieruchomo\u015bci i zwrot nak\u0142ad\u00f3w z nieruchomo\u015bci.<br><br>Prawo nieruchomo\u015bci (Krak\u00f3w) b\u0119dzie pomocne r\u00f3wnie\u017c w przypadku hipoteki, hipoteki przymusowej, hipoteki \u0142\u0105cznej kaucyjnej, hipoteki umownej. W tym przypadku oferujemy profesjonalne doradztwo, jak i przekazanie gotowych rozwi\u0105za\u0144 prawnych. W ka\u017cdym przypadku zale\u017cy nam najbardziej na interesie klienta.<\/p>\n\n\n\n<div class=\"wp-block-buttons is-content-justification-center is-layout-flex wp-container-core-buttons-is-layout-16018d1d wp-block-buttons-is-layout-flex\">\n<div class=\"wp-block-button\"><a class=\"wp-block-button__link has-base-3-color has-accent-background-color has-text-color has-background has-link-color wp-element-button\" href=\"tel:+48 514 089 599\">Skontaktuj si\u0119 z nami!<\/a><\/div>\n<\/div>\n\n\n\n<p><br><\/p>\n\n\n\n<h2 class=\"wp-block-heading\"><strong>Prawo nieruchomo\u015bci Krak\u00f3w<\/strong><\/h2>\n\n\n\n<p>Nasza kancelaria zajmuje si\u0119 prawem nieruchomo\u015bci gruntowych, budynkowych i lokalowych. Wsparcie do\u015bwiadczonej agencji jest nieodzownym elementem na ka\u017cdym etapie inwestycji zwi\u0105zanej z danym obiektem budowlanym b\u0105d\u017a dzia\u0142k\u0105. W polskim prawie bowiem ranga nieruchomo\u015bci jest bardzo du\u017ca, a nierzadko przepisy prawne jej dotycz\u0105ce mog\u0105 wydawa\u0107 si\u0119 skomplikowane oraz trudne dla zwyk\u0142ego obywatela. Procedura kupna i obrotu nieruchomo\u015bciami wymaga za\u0142atwiania du\u017co wi\u0119kszej liczby formalno\u015bci ni\u017c przy obrotach ruchomo\u015bciami. Dlatego nasza agencja wychodzi naprzeciw, aby pom\u00f3c zrozumie\u0107 polskie prawo nieruchomo\u015bci (Krak\u00f3w).<\/p>\n\n\n\n<h2 class=\"wp-block-heading\">Radca prawny Krak\u00f3w \u2014 dlaczego warto nam zaufa\u0107?<\/h2>\n\n\n\n<p><strong>Prawo nieruchomo\u015bci (Krak\u00f3w)<\/strong> to nasza specjalno\u015b\u0107. Oferujemy kompleksow\u0105 obs\u0142ug\u0119 zwi\u0105zan\u0105 z rynkiem nieruchomo\u015bci. Zapewniamy zar\u00f3wno obs\u0142ug\u0119 prawn\u0105 deweloper\u00f3w, jak i inwestycji. Zajmujemy si\u0119 r\u00f3wnie\u017c procesem inwestycyjnym oraz post\u0119powaniem administracyjnym przed s\u0105dami. Deweloper, kt\u00f3ry postanowi skorzysta\u0107 z us\u0142ug naszej do\u015bwiadczonej kancelarii, ma zagwarantowan\u0105 fachow\u0105 pomoc na ka\u017cdym etapie swojej dzia\u0142alno\u015bci.<br><strong>Prawo nieruchomo\u015bci (Krak\u00f3w)<\/strong> to skomplikowana dziedzina prawa, w kt\u00f3rej nie warto dzia\u0142a\u0107 samemu a zleci\u0107 to zadanie wykwalifikowanym prawnikom. Nasi radcy prawni przeprowadz\u0105 dok\u0142adn\u0105 analiz\u0119 ryzyka, jakie wi\u0105\u017ce si\u0119 z inwestycj\u0105 w dan\u0105 nieruchomo\u015b\u0107. Doradzamy przy planowaniu i realizacji cel\u00f3w oraz przy procesie ich finansowania. Pomagamy zdoby\u0107 niezb\u0119dne fundusze oraz dofinansowania, po\u015bredniczymy r\u00f3wnie\u017c w negocjacji um\u00f3w. Reprezentujemy naszych klient\u00f3w przed wszelkimi urz\u0119dami, mamy bowiem \u015bwiadomo\u015b\u0107, jak wa\u017cny jest ich czas.<\/p>\n\n\n\n<h2 class=\"wp-block-heading\">Prawo nieruchomo\u015bci &#8211; Krak\u00f3w<\/h2>\n\n\n\n<p>Od wielu lat pomagamy zar\u00f3wno deweloperom, sp\u00f3\u0142kom handlowym, jak i klientom indywidualnym w zakresie ga\u0142\u0119zi prawa jak\u0105 jest <strong>prawo nieruchomo\u015bci (Krak\u00f3w)<\/strong>. Przeprowadzamy dok\u0142adn\u0105 analiz\u0119 stanu prawnego nieruchomo\u015bci, ale <strong>prawo nieruchomo\u015bci (Krak\u00f3w)<\/strong> to tak\u017ce wiele innych us\u0142ug, w tym obs\u0142uga transakcji sprzeda\u017cowej czy przygotowanie um\u00f3w inwestycyjnych. Po\u015bredniczymy r\u00f3wnie\u017c w opracowywaniu oraz negocjowaniu um\u00f3w najmu b\u0105d\u017a dzier\u017cawy lokali czy powierzchni biurowych i handlowych.<br>Prawo nieruchomo\u015bci (Krak\u00f3w) to jedna z g\u0142\u00f3wnych dziedzin naszej kancelarii. Bazujemy na wieloletnim do\u015bwiadczeniu, kt\u00f3re pozwala znajdowa\u0107 rozwi\u0105zania nawet dla najbardziej skomplikowanych spraw. Doskonale wiemy, \u017ce cz\u0119sto korzystanie z pomocy prawnika mo\u017ce by\u0107 trudne, a u\u017cywana przez niego terminologia niezrozumia\u0142a. Przez to zawsze staramy si\u0119 d\u0105\u017cy\u0107 do tego, by nie tylko upora\u0107 si\u0119 z problemem klienta, ale sprawi\u0107, by zrozumia\u0142 on wszystko, co robimy. Dzi\u0119ki temu mo\u017ce ustrzec si\u0119 przed konieczno\u015bci\u0105 pomocy w przysz\u0142o\u015bci.<\/p>\n\n\n\n<p>Prawo nieruchomo\u015bci. Krak\u00f3w, ul. ks. Biskupa W. Bandurskiego 22. Zapraszamy do odwiedzenia naszej kancelarii. Osobiste spotkanie pozwoli nam lepiej pozna\u0107 spraw\u0119 i przygotowa\u0107 wycen\u0119. Koszt obs\u0142ugi prawnej w naszej kancelarii jest indywidualny, zale\u017cny od konkretnej sprawy. Dzia\u0142amy&nbsp;<strong>na terenie Krakowa<\/strong>, jak i ca\u0142ej Polski.<\/p>\n\n\n\n<h2 class=\"wp-block-heading\">Prawo nieruchomo\u015bci Krak\u00f3w \u2013 rzetelne i profesjonalne wsparcie<\/h2>\n\n\n\n<p>Prawo nieruchomo\u015bci to jedna z najbardziej z\u0142o\u017conych dziedzin prawa, dlatego sprawy z jego zakresu warto powierzy\u0107 w r\u0119ce ekspert\u00f3w, kt\u00f3rzy wiedz\u0105, jakie kroki nale\u017cy podj\u0105\u0107, aby zwi\u0119kszy\u0107 szanse klienta na sukces.<\/p>\n\n\n\n<details class=\"wp-block-details is-layout-flow wp-block-details-is-layout-flow\"><summary>Czytaj wi\u0119cej<\/summary>\n<p>Do najcz\u0119stszych problem\u00f3w spory s\u0105siedzkie, roszczenia dotycz\u0105ce granic dzia\u0142ki, nieuregulowany stan prawny czy problemy z najemcami. Wczesna konsultacja prawna umo\u017cliwia opracowanie najkorzystniejszej strategii, om\u00f3wienie wszystkich szczeg\u00f3\u0142\u00f3w i unikni\u0119cie powa\u017cnych b\u0142\u0119d\u00f3w.<\/p>\n\n\n\n<h2 class=\"wp-block-heading\"><a><\/a>Prawo nieruchomo\u015bci, Krak\u00f3w \u2013 dok\u0142adno\u015b\u0107 i do\u015bwiadczenie<\/h2>\n\n\n\n<p>Prawo nieruchomo\u015bci wymaga precyzji, do\u015bwiadczenia oraz znajomo\u015bci aktualnych przepis\u00f3w prawnych, kt\u00f3re na bie\u017c\u0105co \u015bledzimy. Profesjonalna pomoc zaufanego eksperta przek\u0142ada si\u0119 na wi\u0119ksze bezpiecze\u0144stwo transakcji, oszcz\u0119dno\u015b\u0107 czasu, a tak\u017ce ochron\u0119 przed kosztownymi b\u0142\u0119dami.<\/p>\n\n\n\n<p>Dzi\u0119ki naszemu wsparciu mo\u017cliwe staje si\u0119 skuteczne zarz\u0105dzanie nieruchomo\u015bci\u0105 i pewno\u015b\u0107 co do podejmowanych decyzji.<\/p>\n\n\n\n<h2 class=\"wp-block-heading\"><a><\/a>Jakie s\u0105 kluczowe dokumenty, z kt\u00f3rymi warto si\u0119 zapozna\u0107?<\/h2>\n\n\n\n<p>Ka\u017cdy w\u0142a\u015bciciel nieruchomo\u015bci powinien zna\u0107 i rozumie\u0107 kilka istotnych dokument\u00f3w. W\u015br\u00f3d nich mo\u017cemy wymieni\u0107 ksi\u0119g\u0119 wieczyst\u0105, wypisy akt\u00f3w notarialnych, decyzje administracyjne zwi\u0105zane z nieruchomo\u015bci\u0105 oraz prawomocne orzeczenia s\u0105du dotycz\u0105ce nieruchomo\u015bci.<\/p>\n\n\n\n<p>Znajomo\u015b\u0107 tych dokument\u00f3w pozwala unikn\u0105\u0107 spor\u00f3w, a tak\u017ce u\u0142atwia dochodzenie swoich praw.<\/p>\n\n\n\n<h2 class=\"wp-block-heading\"><a><\/a>Umowy dotycz\u0105ce nieruchomo\u015bci \u2013 na co zwr\u00f3ci\u0107 uwag\u0119?<\/h2>\n\n\n\n<p>Umowy sprzeda\u017cy, najmu czy deweloperskie cz\u0119sto zawieraj\u0105 zapisy, kt\u00f3re mog\u0105 by\u0107 niekorzystne dla jednej ze stron. Analiza tre\u015bci dokumentu przed jego podpisaniem pozwala zabezpieczy\u0107 interesy klienta i unikn\u0105\u0107 d\u0142ugotrwa\u0142ych konsekwencji prawnych. Zapewniamy profesjonalne doradztwo oraz wsparcie na ka\u017cdym etapie wsp\u00f3\u0142pracy, dbaj\u0105c o pomy\u015blny przebieg sprawy.<\/p>\n\n\n\n<p>W razie pojawienia si\u0119 dodatkowych pyta\u0144 warto si\u0119 z nami skonsultowa\u0107, aby\u015bmy mogli si\u0119 do nich odnie\u015b\u0107 i rozwia\u0107 wszelkie w\u0105tpliwo\u015bci.<\/p>\n<\/details>\n","protected":false},"excerpt":{"rendered":"<p>Inwestycje budowlane cz\u0119sto wymagaj\u0105 dobrej obs\u0142ugi prawnej, dlatego warto skorzysta\u0107 z pomocy specjalist\u00f3w. Zapraszamy do naszej kancelarii, je\u017celi klient nie rozumie zagadnie\u0144 cz\u0119sto okre\u015blanych jako&nbsp;prawo &#8230; <\/p>\n<p class=\"read-more-container\"><a title=\"Prawo nieruchomo\u015bci Krak\u00f3w\" class=\"read-more button\" href=\"https:\/\/www.prawo-krakow.pl\/blog\/nieruchomosci\/#more-3749\" aria-label=\"More on Prawo nieruchomo\u015bci Krak\u00f3w\">Czytaj dalej<\/a><\/p>\n","protected":false},"author":1,"featured_media":0,"parent":0,"menu_order":0,"comment_status":"closed","ping_status":"closed","template":"","meta":{"footnotes":""},"class_list":["post-3749","page","type-page","status-publish"],"yoast_head":"<!-- This site is optimized with the Yoast SEO plugin v27.3 - https:\/\/yoast.com\/product\/yoast-seo-wordpress\/ -->\n<title>Prawo Nieruchomo\u015bci Krak\u00f3w | prawo-krakow.pl<\/title>\n<meta name=\"description\" content=\"Prawo nieruchomo\u015bci Krak\u00f3w. Nasza kancelaria posiada wieloletnie do\u015bwiadczenie w prawie nieruchomo\u015bci. Opiniowanie um\u00f3w, sprawy s\u0105dowe.\" \/>\n<meta name=\"robots\" content=\"index, follow, max-snippet:-1, max-image-preview:large, max-video-preview:-1\" \/>\n<link rel=\"canonical\" href=\"https:\/\/www.prawo-krakow.pl\/blog\/nieruchomosci\/\" \/>\n<meta property=\"og:locale\" content=\"pl_PL\" \/>\n<meta property=\"og:type\" content=\"article\" \/>\n<meta property=\"og:title\" content=\"Prawo Nieruchomo\u015bci Krak\u00f3w | prawo-krakow.pl\" \/>\n<meta property=\"og:description\" content=\"Prawo nieruchomo\u015bci Krak\u00f3w. Nasza kancelaria posiada wieloletnie do\u015bwiadczenie w prawie nieruchomo\u015bci. Opiniowanie um\u00f3w, sprawy s\u0105dowe.\" \/>\n<meta property=\"og:url\" content=\"https:\/\/www.prawo-krakow.pl\/blog\/nieruchomosci\/\" \/>\n<meta property=\"og:site_name\" content=\"Prawnicza Kancelaria\" \/>\n<meta property=\"article:publisher\" content=\"https:\/\/www.facebook.com\/prawnikradca\" \/>\n<meta property=\"article:modified_time\" content=\"2026-01-23T08:39:05+00:00\" \/>\n<meta name=\"twitter:card\" content=\"summary_large_image\" \/>\n<meta name=\"twitter:label1\" content=\"Szacowany czas czytania\" \/>\n\t<meta name=\"twitter:data1\" content=\"6 minut\" \/>\n<script type=\"application\/ld+json\" class=\"yoast-schema-graph\">{\"@context\":\"https:\\\/\\\/schema.org\",\"@graph\":[{\"@type\":\"WebPage\",\"@id\":\"https:\\\/\\\/www.prawo-krakow.pl\\\/blog\\\/nieruchomosci\\\/\",\"url\":\"https:\\\/\\\/www.prawo-krakow.pl\\\/blog\\\/nieruchomosci\\\/\",\"name\":\"Prawo Nieruchomo\u015bci Krak\u00f3w | prawo-krakow.pl\",\"isPartOf\":{\"@id\":\"https:\\\/\\\/www.prawo-krakow.pl\\\/blog\\\/#website\"},\"datePublished\":\"2021-05-09T15:35:24+00:00\",\"dateModified\":\"2026-01-23T08:39:05+00:00\",\"description\":\"Prawo nieruchomo\u015bci Krak\u00f3w. Nasza kancelaria posiada wieloletnie do\u015bwiadczenie w prawie nieruchomo\u015bci. Opiniowanie um\u00f3w, sprawy s\u0105dowe.\",\"breadcrumb\":{\"@id\":\"https:\\\/\\\/www.prawo-krakow.pl\\\/blog\\\/nieruchomosci\\\/#breadcrumb\"},\"inLanguage\":\"pl-PL\",\"potentialAction\":[{\"@type\":\"ReadAction\",\"target\":[\"https:\\\/\\\/www.prawo-krakow.pl\\\/blog\\\/nieruchomosci\\\/\"]}]},{\"@type\":\"BreadcrumbList\",\"@id\":\"https:\\\/\\\/www.prawo-krakow.pl\\\/blog\\\/nieruchomosci\\\/#breadcrumb\",\"itemListElement\":[{\"@type\":\"ListItem\",\"position\":1,\"name\":\"Strona g\u0142\u00f3wna\",\"item\":\"https:\\\/\\\/www.prawo-krakow.pl\\\/blog\\\/\"},{\"@type\":\"ListItem\",\"position\":2,\"name\":\"Prawo nieruchomo\u015bci Krak\u00f3w\"}]},{\"@type\":\"WebSite\",\"@id\":\"https:\\\/\\\/www.prawo-krakow.pl\\\/blog\\\/#website\",\"url\":\"https:\\\/\\\/www.prawo-krakow.pl\\\/blog\\\/\",\"name\":\"Prawnicza Kancelaria\",\"description\":\"Do\u015bwiadczony Prawnik\",\"publisher\":{\"@id\":\"https:\\\/\\\/www.prawo-krakow.pl\\\/blog\\\/#organization\"},\"potentialAction\":[{\"@type\":\"SearchAction\",\"target\":{\"@type\":\"EntryPoint\",\"urlTemplate\":\"https:\\\/\\\/www.prawo-krakow.pl\\\/blog\\\/?s={search_term_string}\"},\"query-input\":{\"@type\":\"PropertyValueSpecification\",\"valueRequired\":true,\"valueName\":\"search_term_string\"}}],\"inLanguage\":\"pl-PL\"},{\"@type\":\"Organization\",\"@id\":\"https:\\\/\\\/www.prawo-krakow.pl\\\/blog\\\/#organization\",\"name\":\"Kancelaria Prawna\",\"url\":\"https:\\\/\\\/www.prawo-krakow.pl\\\/blog\\\/\",\"logo\":{\"@type\":\"ImageObject\",\"inLanguage\":\"pl-PL\",\"@id\":\"https:\\\/\\\/www.prawo-krakow.pl\\\/blog\\\/#\\\/schema\\\/logo\\\/image\\\/\",\"url\":\"https:\\\/\\\/www.prawo-krakow.pl\\\/blog\\\/wp-content\\\/uploads\\\/2021\\\/04\\\/cropped-court-hammer-books-judgment-law-concept.jpg\",\"contentUrl\":\"https:\\\/\\\/www.prawo-krakow.pl\\\/blog\\\/wp-content\\\/uploads\\\/2021\\\/04\\\/cropped-court-hammer-books-judgment-law-concept.jpg\",\"width\":1000,\"height\":667,\"caption\":\"Kancelaria Prawna\"},\"image\":{\"@id\":\"https:\\\/\\\/www.prawo-krakow.pl\\\/blog\\\/#\\\/schema\\\/logo\\\/image\\\/\"},\"sameAs\":[\"https:\\\/\\\/www.facebook.com\\\/prawnikradca\"]}]}<\/script>\n<!-- \/ Yoast SEO plugin. -->","yoast_head_json":{"title":"Prawo Nieruchomo\u015bci Krak\u00f3w | prawo-krakow.pl","description":"Prawo nieruchomo\u015bci Krak\u00f3w. Nasza kancelaria posiada wieloletnie do\u015bwiadczenie w prawie nieruchomo\u015bci. Opiniowanie um\u00f3w, sprawy s\u0105dowe.","robots":{"index":"index","follow":"follow","max-snippet":"max-snippet:-1","max-image-preview":"max-image-preview:large","max-video-preview":"max-video-preview:-1"},"canonical":"https:\/\/www.prawo-krakow.pl\/blog\/nieruchomosci\/","og_locale":"pl_PL","og_type":"article","og_title":"Prawo Nieruchomo\u015bci Krak\u00f3w | prawo-krakow.pl","og_description":"Prawo nieruchomo\u015bci Krak\u00f3w. Nasza kancelaria posiada wieloletnie do\u015bwiadczenie w prawie nieruchomo\u015bci. Opiniowanie um\u00f3w, sprawy s\u0105dowe.","og_url":"https:\/\/www.prawo-krakow.pl\/blog\/nieruchomosci\/","og_site_name":"Prawnicza Kancelaria","article_publisher":"https:\/\/www.facebook.com\/prawnikradca","article_modified_time":"2026-01-23T08:39:05+00:00","twitter_card":"summary_large_image","twitter_misc":{"Szacowany czas czytania":"6 minut"},"schema":{"@context":"https:\/\/schema.org","@graph":[{"@type":"WebPage","@id":"https:\/\/www.prawo-krakow.pl\/blog\/nieruchomosci\/","url":"https:\/\/www.prawo-krakow.pl\/blog\/nieruchomosci\/","name":"Prawo Nieruchomo\u015bci Krak\u00f3w | prawo-krakow.pl","isPartOf":{"@id":"https:\/\/www.prawo-krakow.pl\/blog\/#website"},"datePublished":"2021-05-09T15:35:24+00:00","dateModified":"2026-01-23T08:39:05+00:00","description":"Prawo nieruchomo\u015bci Krak\u00f3w. Nasza kancelaria posiada wieloletnie do\u015bwiadczenie w prawie nieruchomo\u015bci. Opiniowanie um\u00f3w, sprawy s\u0105dowe.","breadcrumb":{"@id":"https:\/\/www.prawo-krakow.pl\/blog\/nieruchomosci\/#breadcrumb"},"inLanguage":"pl-PL","potentialAction":[{"@type":"ReadAction","target":["https:\/\/www.prawo-krakow.pl\/blog\/nieruchomosci\/"]}]},{"@type":"BreadcrumbList","@id":"https:\/\/www.prawo-krakow.pl\/blog\/nieruchomosci\/#breadcrumb","itemListElement":[{"@type":"ListItem","position":1,"name":"Strona g\u0142\u00f3wna","item":"https:\/\/www.prawo-krakow.pl\/blog\/"},{"@type":"ListItem","position":2,"name":"Prawo nieruchomo\u015bci Krak\u00f3w"}]},{"@type":"WebSite","@id":"https:\/\/www.prawo-krakow.pl\/blog\/#website","url":"https:\/\/www.prawo-krakow.pl\/blog\/","name":"Prawnicza Kancelaria","description":"Do\u015bwiadczony Prawnik","publisher":{"@id":"https:\/\/www.prawo-krakow.pl\/blog\/#organization"},"potentialAction":[{"@type":"SearchAction","target":{"@type":"EntryPoint","urlTemplate":"https:\/\/www.prawo-krakow.pl\/blog\/?s={search_term_string}"},"query-input":{"@type":"PropertyValueSpecification","valueRequired":true,"valueName":"search_term_string"}}],"inLanguage":"pl-PL"},{"@type":"Organization","@id":"https:\/\/www.prawo-krakow.pl\/blog\/#organization","name":"Kancelaria Prawna","url":"https:\/\/www.prawo-krakow.pl\/blog\/","logo":{"@type":"ImageObject","inLanguage":"pl-PL","@id":"https:\/\/www.prawo-krakow.pl\/blog\/#\/schema\/logo\/image\/","url":"https:\/\/www.prawo-krakow.pl\/blog\/wp-content\/uploads\/2021\/04\/cropped-court-hammer-books-judgment-law-concept.jpg","contentUrl":"https:\/\/www.prawo-krakow.pl\/blog\/wp-content\/uploads\/2021\/04\/cropped-court-hammer-books-judgment-law-concept.jpg","width":1000,"height":667,"caption":"Kancelaria Prawna"},"image":{"@id":"https:\/\/www.prawo-krakow.pl\/blog\/#\/schema\/logo\/image\/"},"sameAs":["https:\/\/www.facebook.com\/prawnikradca"]}]}},"_links":{"self":[{"href":"https:\/\/www.prawo-krakow.pl\/blog\/wp-json\/wp\/v2\/pages\/3749","targetHints":{"allow":["GET"]}}],"collection":[{"href":"https:\/\/www.prawo-krakow.pl\/blog\/wp-json\/wp\/v2\/pages"}],"about":[{"href":"https:\/\/www.prawo-krakow.pl\/blog\/wp-json\/wp\/v2\/types\/page"}],"author":[{"embeddable":true,"href":"https:\/\/www.prawo-krakow.pl\/blog\/wp-json\/wp\/v2\/users\/1"}],"replies":[{"embeddable":true,"href":"https:\/\/www.prawo-krakow.pl\/blog\/wp-json\/wp\/v2\/comments?post=3749"}],"version-history":[{"count":25,"href":"https:\/\/www.prawo-krakow.pl\/blog\/wp-json\/wp\/v2\/pages\/3749\/revisions"}],"predecessor-version":[{"id":4919,"href":"https:\/\/www.prawo-krakow.pl\/blog\/wp-json\/wp\/v2\/pages\/3749\/revisions\/4919"}],"wp:attachment":[{"href":"https:\/\/www.prawo-krakow.pl\/blog\/wp-json\/wp\/v2\/media?parent=3749"}],"curies":[{"name":"wp","href":"https:\/\/api.w.org\/{rel}","templated":true}]}}