{"id":3743,"date":"2021-05-09T19:34:41","date_gmt":"2021-05-09T19:34:41","guid":{"rendered":"https:\/\/www.prawo-krakow.pl\/blog\/?page_id=3743"},"modified":"2026-01-23T08:41:16","modified_gmt":"2026-01-23T08:41:16","slug":"prawo-spadkowe","status":"publish","type":"page","link":"https:\/\/www.prawo-krakow.pl\/blog\/prawo-spadkowe\/","title":{"rendered":"Sprawy spadkowe &#8211; zachowek Krak\u00f3w"},"content":{"rendered":"\n<h2 class=\"wp-block-heading\">Dochodzenie zachowku Krak\u00f3w<\/h2>\n\n\n<p>Udzielamy pomocy w przypadku, kiedy klient musi zrzec si\u0119 spadku. A tak\u017ce wtedy, kiedy w gr\u0119 wchodzi\u0142 b\u0119dzie zachowek, czyli w sytuacji, w kt\u00f3rej kto\u015b zosta\u0142 pomini\u0119ty w testamencie. Sprawy spadkowe (Krak\u00f3w) w naszej <a href=\"\/\">kancelarii<\/a> obejmuj\u0105 r\u00f3wnie\u017c sprawy <strong>o stwierdzenie niewa\u017cno\u015bci testamentu, podzia\u0142 spadku i zniesienie wsp\u00f3\u0142w\u0142asno\u015bci, dochodzenie roszcze\u0144 z masy spadkowej<\/strong>, a tak\u017ce realizacj\u0119 zapisu spadku czy ewentualne wydziedziczenie spadkobierc\u00f3w.<\/p>\n<p>W my\u015bl prawa bliscy spadkodawcy maj\u0105 r\u00f3wnie\u017c mo\u017cliwo\u015b\u0107 \u017c\u0105dania zap\u0142aty okre\u015blonej kwoty od os\u00f3b, kt\u00f3re sta\u0142y si\u0119 w\u0142a\u015bcicielami prawa do spadku. To zachowek. Krak\u00f3w to jedno z miast, na kt\u00f3rych terenie zajmujemy si\u0119 sprawami dotycz\u0105cymi w\u0142a\u015bnie zachowku, ale nie tylko. Serdecznie zapraszamy do zapoznania si\u0119 z naszymi us\u0142ugami.<\/p>\n<p><strong>Sprawy spadkowe (Krak\u00f3w)<\/strong> to r\u00f3wnie\u017c pomoc w ramach samego sporz\u0105dzania testamentu, by ten w przysz\u0142o\u015bci nie m\u00f3g\u0142 zosta\u0107 uznany za niewa\u017cny. W zakres naszych dzia\u0142a\u0144 wchodzi tak\u017ce:<\/p>\n<ul>\n<li>planowanie dziedziczenia,<\/li>\n<li>ustalanie sk\u0142adu masy spadkowej i warto\u015bci,<\/li>\n<li>dziedziczenie przedsi\u0119biorstwa,<\/li>\n<li>przej\u0119cie udzia\u0142\u00f3w w sp\u00f3\u0142ce,<\/li>\n<li>opodatkowanie spadku,<\/li>\n<li>ochrona przed d\u0142ugami spadkowymi.<\/li>\n<\/ul>\n<h2><strong>Sprawy spadkowe Krak\u00f3w<\/strong> &#8211; uzyskaj profesjonaln\u0105 pomoc<\/h2>\n<p>Nasza kancelaria funkcjonuje na rynku ju\u017c od bardzo d\u0142ugiego czasu. Od samego pocz\u0105tku dzia\u0142alno\u015bci dok\u0142adamy wszelkich stara\u0144, aby zapewni\u0107 klientom mo\u017cliwie najwy\u017cszej jako\u015bci us\u0142ugi. Jedn\u0105 ze specjalno\u015bci, kt\u00f3r\u0105 zajmuje si\u0119 nasza kancelaria s\u0105 w\u0142a\u015bnie <strong>sprawy spadkowe Krak\u00f3w<\/strong>. Nasz zesp\u00f3\u0142 sk\u0142ada si\u0119 wy\u0142\u0105cznie ze specjalist\u00f3w posiadaj\u0105cych odpowiedni\u0105 wiedz\u0119 i do\u015bwiadczenie, co umo\u017cliwia nam podejmowanie sprawnych i skutecznych dzia\u0142a\u0144 w sprawach spadkowych w Krakowie, ale nie tylko.<\/p>\n<p>Jako profesjonali\u015bci, kt\u00f3rzy maj\u0105 do czynienia z prawem na co dzie\u0144, doskonale wiemy, jak wa\u017cna jest dobra komunikacja z klientem. Dlatego te\u017c pozostajemy w sta\u0142ym kontakcie z osobami, dla kt\u00f3rych <strong>sprawy spadkowe (Krak\u00f3w)<\/strong> stanowi\u0105 problem i zg\u0142aszaj\u0105 si\u0119 po pomoc do naszej kancelarii. W trakcie rozm\u00f3w omawiamy wszystkie detale, wyja\u015bniamy wszelkie nie\u015bcis\u0142o\u015bci, a tak\u017ce udzielamy klientom odpowiedzi na ich pytania dotycz\u0105ce zachowku w Krakowie.<\/p>\n\n\n<div class=\"wp-block-buttons is-content-justification-center is-layout-flex wp-container-core-buttons-is-layout-16018d1d wp-block-buttons-is-layout-flex\">\n<div class=\"wp-block-button\"><a class=\"wp-block-button__link has-base-3-color has-accent-background-color has-text-color has-background has-link-color wp-element-button\" href=\"tel:+48 514 089 599\">Skontaktuj si\u0119 z nami!<\/a><\/div>\n<\/div>\n\n\n\n<h2 class=\"wp-block-heading\">Prawo spadkowe Krak\u00f3w \u2013 kompleksowe wsparcie prawne<\/h2>\n\n\n\n<p>Sprawy spadkowe obejmuj\u0105 nie tylko proste post\u0119powania, ale r\u00f3wnie\u017c z\u0142o\u017cone sytuacje wymagaj\u0105ce szczeg\u00f3\u0142owej analizy prawnej oraz do\u015bwiadczenia. Zadbamy o najdrobniejsze detale, obja\u015bniaj\u0105c klientowi wszelkie nieklarowne aspekty, a jednocze\u015bnie odci\u0105\u017caj\u0105c go z nadmiaru obowi\u0105zk\u00f3w.<\/p>\n\n\n\n<details class=\"wp-block-details is-layout-flow wp-block-details-is-layout-flow\"><summary>Czytaj wi\u0119cej<\/summary>\n<h2 class=\"wp-block-heading\">Sprawy spadkowe Krak\u00f3w \u2013 dlaczego warto nam zaufa\u0107?<\/h2>\n\n\n\n<p>Prawo spadkowe wi\u0105\u017ce si\u0119 z licznymi terminami, formalno\u015bciami czy konsekwencjami finasowymi. Profesjonalna pomoc naszego eksperta pozwala unikn\u0105\u0107 b\u0142\u0119d\u00f3w, zabezpieczy\u0107 swoje prawa, a tak\u017ce skutecznie zako\u0144czy\u0107 post\u0119powanie. Wsp\u00f3\u0142praca z nami to spos\u00f3b na zwi\u0119kszenie swojej szansy na pomy\u015blny przebieg sprawy, co przek\u0142ada si\u0119 na wi\u0119kszy spok\u00f3j i ograniczenie stresuj\u0105cych sytuacji.<\/p>\n\n\n\n<p>Do\u015bwiadczenie w prowadzeniu spraw spadkowych przek\u0142ada si\u0119 na wi\u0119ksze bezpiecze\u0144stwo i mniej stresu na ka\u017cdym etapie post\u0119powania.<\/p>\n\n\n\n<h2 class=\"wp-block-heading\"><a><\/a>Zachowek Krak\u00f3w \u2013 komu przys\u0142uguje?<\/h2>\n\n\n\n<p>Zachowek to roszczenie przys\u0142uguj\u0105ce najbli\u017cszym cz\u0142onkom rodziny, kt\u00f3rzy zostali pomini\u0119ci w testamencie albo otrzymali zbyt niski udzia\u0142 w spadku. Ustalenie jego wysoko\u015bci oraz skuteczne dochodzenie roszczenia wymaga dok\u0142adnego okre\u015blenia sk\u0142adu i warto\u015bci maj\u0105tku spadkowego.<\/p>\n\n\n\n<p>W praktyce sprawy o zachowek niejednokrotnie dotycz\u0105 sytuacji, w kt\u00f3rych maj\u0105tek zosta\u0142 przekazany jednej osobie jeszcze za \u017cycia spadkodawcy. W takich przypadkach mo\u017cliwe jest doliczenie darowizn do masy spadkowej bez wzgl\u0119du na to, jak dawno temu zosta\u0142y dokonane.<\/p>\n\n\n\n<h2 class=\"wp-block-heading\"><a><\/a>Prawo spadkowe Krak\u00f3w \u2013 terminy i przedawnienie<\/h2>\n\n\n\n<p>W prawie ogromne znaczenie maj\u0105 terminy, kt\u00f3rych przekroczenie mo\u017ce skutkowa\u0107 utrat\u0105 uprawnie\u0144. Dotyczy to mi\u0119dzy innymi dochodzenia zachowku, z\u0142o\u017cenia o\u015bwiadczenia o przyj\u0119ciu b\u0105d\u017a odrzucenie spadku czy zg\u0142aszania roszcze\u0144 wobec innych spadkobierc\u00f3w. Sprawy spadkowe wymagaj\u0105 szybkiej reakcji i w\u0142a\u015bciwej oceny sytuacji, dlatego wczesna konsultacja pozwala unikn\u0105\u0107 b\u0142\u0119d\u00f3w oraz zabezpieczy\u0107 interesy spadkobiercy.<\/p>\n<\/details>\n","protected":false},"excerpt":{"rendered":"<p>Dochodzenie zachowku Krak\u00f3w Udzielamy pomocy w przypadku, kiedy klient musi zrzec si\u0119 spadku. A tak\u017ce wtedy, kiedy w gr\u0119 wchodzi\u0142 b\u0119dzie zachowek, czyli w sytuacji, &#8230; <\/p>\n<p class=\"read-more-container\"><a title=\"Sprawy spadkowe &#8211; zachowek Krak\u00f3w\" class=\"read-more button\" href=\"https:\/\/www.prawo-krakow.pl\/blog\/prawo-spadkowe\/#more-3743\" aria-label=\"More on Sprawy spadkowe &#8211; zachowek Krak\u00f3w\">Czytaj dalej<\/a><\/p>\n","protected":false},"author":1,"featured_media":0,"parent":0,"menu_order":0,"comment_status":"closed","ping_status":"closed","template":"","meta":{"footnotes":""},"class_list":["post-3743","page","type-page","status-publish"],"yoast_head":"<!-- This site is optimized with the Yoast SEO plugin v27.3 - https:\/\/yoast.com\/product\/yoast-seo-wordpress\/ -->\n<title>Sprawy Spadkowe Krak\u00f3w - Zachowek | prawo-krakow.pl<\/title>\n<meta name=\"description\" content=\"Sprawy spadkowe Krak\u00f3w. Porady prawne w sprawach spadkowych. Reprezentacja w s\u0105dzie w sprawach spadkowych. Porady prawne online\" \/>\n<meta name=\"robots\" content=\"index, follow, max-snippet:-1, max-image-preview:large, max-video-preview:-1\" \/>\n<link rel=\"canonical\" href=\"https:\/\/www.prawo-krakow.pl\/blog\/prawo-spadkowe\/\" \/>\n<meta property=\"og:locale\" content=\"pl_PL\" \/>\n<meta property=\"og:type\" content=\"article\" \/>\n<meta property=\"og:title\" content=\"Sprawy Spadkowe Krak\u00f3w - Zachowek | prawo-krakow.pl\" \/>\n<meta property=\"og:description\" content=\"Sprawy spadkowe Krak\u00f3w. Porady prawne w sprawach spadkowych. Reprezentacja w s\u0105dzie w sprawach spadkowych. Porady prawne online\" \/>\n<meta property=\"og:url\" content=\"https:\/\/www.prawo-krakow.pl\/blog\/prawo-spadkowe\/\" \/>\n<meta property=\"og:site_name\" content=\"Prawnicza Kancelaria\" \/>\n<meta property=\"article:publisher\" content=\"https:\/\/www.facebook.com\/prawnikradca\" \/>\n<meta property=\"article:modified_time\" content=\"2026-01-23T08:41:16+00:00\" \/>\n<meta name=\"twitter:card\" content=\"summary_large_image\" \/>\n<meta name=\"twitter:label1\" content=\"Szacowany czas czytania\" \/>\n\t<meta name=\"twitter:data1\" content=\"4 minuty\" \/>\n<script type=\"application\/ld+json\" class=\"yoast-schema-graph\">{\"@context\":\"https:\\\/\\\/schema.org\",\"@graph\":[{\"@type\":\"WebPage\",\"@id\":\"https:\\\/\\\/www.prawo-krakow.pl\\\/blog\\\/prawo-spadkowe\\\/\",\"url\":\"https:\\\/\\\/www.prawo-krakow.pl\\\/blog\\\/prawo-spadkowe\\\/\",\"name\":\"Sprawy Spadkowe Krak\u00f3w - Zachowek | prawo-krakow.pl\",\"isPartOf\":{\"@id\":\"https:\\\/\\\/www.prawo-krakow.pl\\\/blog\\\/#website\"},\"datePublished\":\"2021-05-09T19:34:41+00:00\",\"dateModified\":\"2026-01-23T08:41:16+00:00\",\"description\":\"Sprawy spadkowe Krak\u00f3w. Porady prawne w sprawach spadkowych. Reprezentacja w s\u0105dzie w sprawach spadkowych. Porady prawne online\",\"breadcrumb\":{\"@id\":\"https:\\\/\\\/www.prawo-krakow.pl\\\/blog\\\/prawo-spadkowe\\\/#breadcrumb\"},\"inLanguage\":\"pl-PL\",\"potentialAction\":[{\"@type\":\"ReadAction\",\"target\":[\"https:\\\/\\\/www.prawo-krakow.pl\\\/blog\\\/prawo-spadkowe\\\/\"]}]},{\"@type\":\"BreadcrumbList\",\"@id\":\"https:\\\/\\\/www.prawo-krakow.pl\\\/blog\\\/prawo-spadkowe\\\/#breadcrumb\",\"itemListElement\":[{\"@type\":\"ListItem\",\"position\":1,\"name\":\"Strona g\u0142\u00f3wna\",\"item\":\"https:\\\/\\\/www.prawo-krakow.pl\\\/blog\\\/\"},{\"@type\":\"ListItem\",\"position\":2,\"name\":\"Sprawy spadkowe &#8211; zachowek Krak\u00f3w\"}]},{\"@type\":\"WebSite\",\"@id\":\"https:\\\/\\\/www.prawo-krakow.pl\\\/blog\\\/#website\",\"url\":\"https:\\\/\\\/www.prawo-krakow.pl\\\/blog\\\/\",\"name\":\"Prawnicza Kancelaria\",\"description\":\"Do\u015bwiadczony Prawnik\",\"publisher\":{\"@id\":\"https:\\\/\\\/www.prawo-krakow.pl\\\/blog\\\/#organization\"},\"potentialAction\":[{\"@type\":\"SearchAction\",\"target\":{\"@type\":\"EntryPoint\",\"urlTemplate\":\"https:\\\/\\\/www.prawo-krakow.pl\\\/blog\\\/?s={search_term_string}\"},\"query-input\":{\"@type\":\"PropertyValueSpecification\",\"valueRequired\":true,\"valueName\":\"search_term_string\"}}],\"inLanguage\":\"pl-PL\"},{\"@type\":\"Organization\",\"@id\":\"https:\\\/\\\/www.prawo-krakow.pl\\\/blog\\\/#organization\",\"name\":\"Kancelaria Prawna\",\"url\":\"https:\\\/\\\/www.prawo-krakow.pl\\\/blog\\\/\",\"logo\":{\"@type\":\"ImageObject\",\"inLanguage\":\"pl-PL\",\"@id\":\"https:\\\/\\\/www.prawo-krakow.pl\\\/blog\\\/#\\\/schema\\\/logo\\\/image\\\/\",\"url\":\"https:\\\/\\\/www.prawo-krakow.pl\\\/blog\\\/wp-content\\\/uploads\\\/2021\\\/04\\\/cropped-court-hammer-books-judgment-law-concept.jpg\",\"contentUrl\":\"https:\\\/\\\/www.prawo-krakow.pl\\\/blog\\\/wp-content\\\/uploads\\\/2021\\\/04\\\/cropped-court-hammer-books-judgment-law-concept.jpg\",\"width\":1000,\"height\":667,\"caption\":\"Kancelaria Prawna\"},\"image\":{\"@id\":\"https:\\\/\\\/www.prawo-krakow.pl\\\/blog\\\/#\\\/schema\\\/logo\\\/image\\\/\"},\"sameAs\":[\"https:\\\/\\\/www.facebook.com\\\/prawnikradca\"]}]}<\/script>\n<!-- \/ Yoast SEO plugin. -->","yoast_head_json":{"title":"Sprawy Spadkowe Krak\u00f3w - Zachowek | prawo-krakow.pl","description":"Sprawy spadkowe Krak\u00f3w. Porady prawne w sprawach spadkowych. Reprezentacja w s\u0105dzie w sprawach spadkowych. Porady prawne online","robots":{"index":"index","follow":"follow","max-snippet":"max-snippet:-1","max-image-preview":"max-image-preview:large","max-video-preview":"max-video-preview:-1"},"canonical":"https:\/\/www.prawo-krakow.pl\/blog\/prawo-spadkowe\/","og_locale":"pl_PL","og_type":"article","og_title":"Sprawy Spadkowe Krak\u00f3w - Zachowek | prawo-krakow.pl","og_description":"Sprawy spadkowe Krak\u00f3w. Porady prawne w sprawach spadkowych. Reprezentacja w s\u0105dzie w sprawach spadkowych. Porady prawne online","og_url":"https:\/\/www.prawo-krakow.pl\/blog\/prawo-spadkowe\/","og_site_name":"Prawnicza Kancelaria","article_publisher":"https:\/\/www.facebook.com\/prawnikradca","article_modified_time":"2026-01-23T08:41:16+00:00","twitter_card":"summary_large_image","twitter_misc":{"Szacowany czas czytania":"4 minuty"},"schema":{"@context":"https:\/\/schema.org","@graph":[{"@type":"WebPage","@id":"https:\/\/www.prawo-krakow.pl\/blog\/prawo-spadkowe\/","url":"https:\/\/www.prawo-krakow.pl\/blog\/prawo-spadkowe\/","name":"Sprawy Spadkowe Krak\u00f3w - Zachowek | prawo-krakow.pl","isPartOf":{"@id":"https:\/\/www.prawo-krakow.pl\/blog\/#website"},"datePublished":"2021-05-09T19:34:41+00:00","dateModified":"2026-01-23T08:41:16+00:00","description":"Sprawy spadkowe Krak\u00f3w. Porady prawne w sprawach spadkowych. Reprezentacja w s\u0105dzie w sprawach spadkowych. Porady prawne online","breadcrumb":{"@id":"https:\/\/www.prawo-krakow.pl\/blog\/prawo-spadkowe\/#breadcrumb"},"inLanguage":"pl-PL","potentialAction":[{"@type":"ReadAction","target":["https:\/\/www.prawo-krakow.pl\/blog\/prawo-spadkowe\/"]}]},{"@type":"BreadcrumbList","@id":"https:\/\/www.prawo-krakow.pl\/blog\/prawo-spadkowe\/#breadcrumb","itemListElement":[{"@type":"ListItem","position":1,"name":"Strona g\u0142\u00f3wna","item":"https:\/\/www.prawo-krakow.pl\/blog\/"},{"@type":"ListItem","position":2,"name":"Sprawy spadkowe &#8211; zachowek Krak\u00f3w"}]},{"@type":"WebSite","@id":"https:\/\/www.prawo-krakow.pl\/blog\/#website","url":"https:\/\/www.prawo-krakow.pl\/blog\/","name":"Prawnicza Kancelaria","description":"Do\u015bwiadczony Prawnik","publisher":{"@id":"https:\/\/www.prawo-krakow.pl\/blog\/#organization"},"potentialAction":[{"@type":"SearchAction","target":{"@type":"EntryPoint","urlTemplate":"https:\/\/www.prawo-krakow.pl\/blog\/?s={search_term_string}"},"query-input":{"@type":"PropertyValueSpecification","valueRequired":true,"valueName":"search_term_string"}}],"inLanguage":"pl-PL"},{"@type":"Organization","@id":"https:\/\/www.prawo-krakow.pl\/blog\/#organization","name":"Kancelaria Prawna","url":"https:\/\/www.prawo-krakow.pl\/blog\/","logo":{"@type":"ImageObject","inLanguage":"pl-PL","@id":"https:\/\/www.prawo-krakow.pl\/blog\/#\/schema\/logo\/image\/","url":"https:\/\/www.prawo-krakow.pl\/blog\/wp-content\/uploads\/2021\/04\/cropped-court-hammer-books-judgment-law-concept.jpg","contentUrl":"https:\/\/www.prawo-krakow.pl\/blog\/wp-content\/uploads\/2021\/04\/cropped-court-hammer-books-judgment-law-concept.jpg","width":1000,"height":667,"caption":"Kancelaria Prawna"},"image":{"@id":"https:\/\/www.prawo-krakow.pl\/blog\/#\/schema\/logo\/image\/"},"sameAs":["https:\/\/www.facebook.com\/prawnikradca"]}]}},"_links":{"self":[{"href":"https:\/\/www.prawo-krakow.pl\/blog\/wp-json\/wp\/v2\/pages\/3743","targetHints":{"allow":["GET"]}}],"collection":[{"href":"https:\/\/www.prawo-krakow.pl\/blog\/wp-json\/wp\/v2\/pages"}],"about":[{"href":"https:\/\/www.prawo-krakow.pl\/blog\/wp-json\/wp\/v2\/types\/page"}],"author":[{"embeddable":true,"href":"https:\/\/www.prawo-krakow.pl\/blog\/wp-json\/wp\/v2\/users\/1"}],"replies":[{"embeddable":true,"href":"https:\/\/www.prawo-krakow.pl\/blog\/wp-json\/wp\/v2\/comments?post=3743"}],"version-history":[{"count":23,"href":"https:\/\/www.prawo-krakow.pl\/blog\/wp-json\/wp\/v2\/pages\/3743\/revisions"}],"predecessor-version":[{"id":4921,"href":"https:\/\/www.prawo-krakow.pl\/blog\/wp-json\/wp\/v2\/pages\/3743\/revisions\/4921"}],"wp:attachment":[{"href":"https:\/\/www.prawo-krakow.pl\/blog\/wp-json\/wp\/v2\/media?parent=3743"}],"curies":[{"name":"wp","href":"https:\/\/api.w.org\/{rel}","templated":true}]}}